{"id":8,"date":"2016-12-15T13:27:53","date_gmt":"2016-12-15T12:27:53","guid":{"rendered":"http:\/\/www.source77.net\/expophoto\/?page_id=8"},"modified":"2023-09-26T11:23:45","modified_gmt":"2023-09-26T09:23:45","slug":"share-international","status":"publish","type":"page","link":"https:\/\/www.source77.net\/expophoto\/share-international\/","title":{"rendered":"Share International"},"content":{"rendered":"<div  class=\"marges-pages\">\n<div style=\"float: left; width: 300px; padding: 5px;\">\n<img decoding=\"async\" src=\"https:\/\/www.source77.net\/expophoto\/wp-content\/uploads\/2016\/12\/share-international-cover-image_2016_11.jpg\" alt=\"Revue Share International\" \/>\n<\/div>\n<div style=\"float: left;  width: 300px; padding: 10px;margin-top: 60px;\">\n<h1 style=\"text-align: center;\"><b><span class=\"Style1\">La revue <em>Share International<\/em><\/span><br \/>\n\u2014 Une voix nouvelle pour des temps nouveaux \u2014<\/b><\/h1>\n<\/div>\n<div style=\"float: clear;\"><\/div>\n<\/div>\n<hr>\n<div  class=\"marges-pages\">\n<p style=\"text-align: justify;\">\n<strong><em>Share International<\/em><\/strong> r\u00e9unit deux courants majeurs : la pens\u00e9e politique et la pens\u00e9e spirituelle. Ce mensuel porte un regard synth\u00e9tique sur les transformations sociales, politiques, \u00e9conomiques et spirituelles qui se produisent actuellement dans le monde, et encourage les actions concr\u00e8tes en vue de reconstruire notre monde sur la base du partage et de la justice.<br \/>\n&nbsp;<br \/>\n<strong><em>Share International<\/em><\/strong> publie des informations, des articles, des commentaires de l\u2019actualit\u00e9 allant dans le sens d\u2019une juste r\u00e9orientation des priorit\u00e9s mondiales telles que les a formul\u00e9es Maitreya, l\u2019Instructeur mondial pour la nouvelle \u00e8re.<br \/>\nCes priorit\u00e9s sont : une r\u00e9partition \u00e9quitable de la nourriture\u00a0; des logements convenables pour tous ; le droit universel \u00e0 l\u2019\u00e9ducation ainsi qu\u2019aux soins m\u00e9dicaux ; la pr\u00e9servation de l\u2019\u00e9quilibre \u00e9cologique de la plan\u00e8te.<br \/>\n&nbsp;<br \/>\n<strong><em>Share International<\/em><\/strong> a \u00e9t\u00e9 lanc\u00e9 en 1982 par la fondation Share International, organisation non gouvernementale enregistr\u00e9e aupr\u00e8s du d\u00e9partement de l\u2019Information des Nations unies.<br \/>\nCette revue mensuelle est publi\u00e9e en anglais, allemand, espagnol, fran\u00e7ais, japonais et n\u00e9erlandais, et elle est diffus\u00e9e dans plus de 70 pays.<br \/>\n&nbsp;<br \/>\n<strong><em>Share International<\/em> <\/strong>ne comporte aucune annonce publicitaire, de mani\u00e8re \u00e0 garder pleinement son identit\u00e9. Son r\u00e9dacteur en chef pr\u00e9c\u00e9dent \u00e9tait Benjamin Creme, peintre et \u00e9sot\u00e9riste, conf\u00e9rencier international et auteur de plusieurs ouvrages. Le travail de publication, sauf l\u2019impression et l\u2019acheminement postal, est enti\u00e8rement effectu\u00e9 par un r\u00e9seau de b\u00e9n\u00e9voles.<\/p>\n<p style=\"text-align: center\"><strong><em>SHARE INTERNATIONAL<\/em><\/strong><br \/>\nP.O. Box 41877, 1009 DB Amsterdam, Pays-Bas<br \/>\n<a href=\"http:\/\/www.shareintl.org\" target=\"_blank\" rel=\"noopener\"><b style=\"color: blue\">http:\/\/www.shareintl.org<\/b><\/a><\/p>\n<\/div>\n","protected":false},"excerpt":{"rendered":"<p>La revue Share International \u2014 Une voix nouvelle pour des temps nouveaux \u2014 Share International r\u00e9unit deux courants majeurs : la pens\u00e9e politique et la pens\u00e9e spirituelle. Ce mensuel porte un regard synth\u00e9tique sur les transformations sociales, politiques, \u00e9conomiques et spirituelles qui se produisent actuellement dans le monde, et encourage les actions concr\u00e8tes en vue [&hellip;]<\/p>\n","protected":false},"author":1,"featured_media":0,"parent":0,"menu_order":0,"comment_status":"closed","ping_status":"closed","template":"","meta":{"footnotes":""},"_links":{"self":[{"href":"https:\/\/www.source77.net\/expophoto\/wp-json\/wp\/v2\/pages\/8"}],"collection":[{"href":"https:\/\/www.source77.net\/expophoto\/wp-json\/wp\/v2\/pages"}],"about":[{"href":"https:\/\/www.source77.net\/expophoto\/wp-json\/wp\/v2\/types\/page"}],"author":[{"embeddable":true,"href":"https:\/\/www.source77.net\/expophoto\/wp-json\/wp\/v2\/users\/1"}],"replies":[{"embeddable":true,"href":"https:\/\/www.source77.net\/expophoto\/wp-json\/wp\/v2\/comments?post=8"}],"version-history":[{"count":32,"href":"https:\/\/www.source77.net\/expophoto\/wp-json\/wp\/v2\/pages\/8\/revisions"}],"predecessor-version":[{"id":1241,"href":"https:\/\/www.source77.net\/expophoto\/wp-json\/wp\/v2\/pages\/8\/revisions\/1241"}],"wp:attachment":[{"href":"https:\/\/www.source77.net\/expophoto\/wp-json\/wp\/v2\/media?parent=8"}],"curies":[{"name":"wp","href":"https:\/\/api.w.org\/{rel}","templated":true}]}}

<div  class="marges-pages">
<div style="float: left; width: 300px; padding: 5px;">
<img decoding="async" src="https://www.source77.net/expophoto/wp-content/uploads/2016/12/share-international-cover-image_2016_11.jpg" alt="Revue Share International" />
</div>
<div style="float: left;  width: 300px; padding: 10px;margin-top: 60px;">
<h1 style="text-align: center;"><b><span class="Style1">La revue <em>Share International</em></span><br />
— Une voix nouvelle pour des temps nouveaux —</b></h1>
</div>
<div style="float: clear;"></div>
</div>
<hr>
<div  class="marges-pages">
<p style="text-align: justify;">
<strong><em>Share International</em></strong> réunit deux courants majeurs : la pensée politique et la pensée spirituelle. Ce mensuel porte un regard synthétique sur les transformations sociales, politiques, économiques et spirituelles qui se produisent actuellement dans le monde, et encourage les actions concrètes en vue de reconstruire notre monde sur la base du partage et de la justice.<br />
&nbsp;<br />
<strong><em>Share International</em></strong> publie des informations, des articles, des commentaires de l’actualité allant dans le sens d’une juste réorientation des priorités mondiales telles que les a formulées Maitreya, l’Instructeur mondial pour la nouvelle ère.<br />
Ces priorités sont : une répartition équitable de la nourriture ; des logements convenables pour tous ; le droit universel à l’éducation ainsi qu’aux soins médicaux ; la préservation de l’équilibre écologique de la planète.<br />
&nbsp;<br />
<strong><em>Share International</em></strong> a été lancé en 1982 par la fondation Share International, organisation non gouvernementale enregistrée auprès du département de l’Information des Nations unies.<br />
Cette revue mensuelle est publiée en anglais, allemand, espagnol, français, japonais et néerlandais, et elle est diffusée dans plus de 70 pays.<br />
&nbsp;<br />
<strong><em>Share International</em> </strong>ne comporte aucune annonce publicitaire, de manière à garder pleinement son identité. Son rédacteur en chef précédent était Benjamin Creme, peintre et ésotériste, conférencier international et auteur de plusieurs ouvrages. Le travail de publication, sauf l’impression et l’acheminement postal, est entièrement effectué par un réseau de bénévoles.</p>
<p style="text-align: center"><strong><em>SHARE INTERNATIONAL</em></strong><br />
P.O. Box 41877, 1009 DB Amsterdam, Pays-Bas<br />
<a href="http://www.shareintl.org" target="_blank" rel="noopener"><b style="color: blue">http://www.shareintl.org</b></a></p>
</div>

<p>La revue Share International — Une voix nouvelle pour des temps nouveaux — Share International réunit deux courants majeurs : la pensée politique et la pensée spirituelle. Ce mensuel porte un regard synthétique sur les transformations sociales, politiques, économiques et spirituelles qui se produisent actuellement dans le monde, et encourage les actions concrètes en vue [&hellip;]</p>
