{"id":6,"date":"2016-12-15T13:27:03","date_gmt":"2016-12-15T12:27:03","guid":{"rendered":"http:\/\/www.source77.net\/expophoto\/?page_id=6"},"modified":"2024-06-27T17:21:06","modified_gmt":"2024-06-27T15:21:06","slug":"accueil","status":"publish","type":"page","link":"https:\/\/www.source77.net\/expophoto\/","title":{"rendered":"Accueil"},"content":{"rendered":"<div  class=\"marges-pages\" style=\"text-align: justify;\">\n<div>\n<!-- \n\n<h1 style=\"text-align: center;\"><b>EXPOSITION PHOTO CONTRE L\u2019EXCLUSION<\/b><\/h1>\n\n --><\/p>\n<div style=\"float: left; width: 200px; padding: 5px;\">\n<img decoding=\"async\" style=\"padding: 12px 10px;margin-top: 60px;\" src=\"https:\/\/www.source77.net\/expophoto\/wp-content\/uploads\/2016\/12\/PB154620-mini.jpg\" alt=\"\" \/><br \/>\n<img decoding=\"async\"  style=\"padding: 12px 10px;\" src=\"https:\/\/www.source77.net\/expophoto\/wp-content\/uploads\/2016\/12\/PB154616-mini.jpg\" alt=\"\" \/><br \/>\n<img decoding=\"async\"  style=\"padding: 12px 10px;\" src=\"https:\/\/www.source77.net\/expophoto\/wp-content\/uploads\/2016\/12\/PB154610-mini.jpg\" alt=\"\" \/><br \/>\n<img decoding=\"async\"  style=\"padding: 12px 10px;\" src=\"https:\/\/www.source77.net\/expophoto\/wp-content\/uploads\/2016\/12\/PB154609-mini.jpg\" alt=\"\" \/><br \/>\n<img decoding=\"async\"  style=\"padding: 12px 10px;\" src=\"https:\/\/www.source77.net\/expophoto\/wp-content\/uploads\/2016\/12\/PB154597-mini.jpg\" alt=\"\" \/><br \/>\n<img decoding=\"async\"  style=\"padding: 12px 10px;\" src=\"https:\/\/www.source77.net\/expophoto\/wp-content\/uploads\/2016\/12\/PB154590-mini.jpg\" alt=\"\" \/><br \/>\n<img decoding=\"async\"  style=\"padding: 12px 10px;\" src=\"https:\/\/www.source77.net\/expophoto\/wp-content\/uploads\/2016\/12\/PB154585-mini.jpg\" alt=\"\" \/><br \/>\n<img decoding=\"async\"  style=\"padding: 12px 10px;\" src=\"https:\/\/www.source77.net\/expophoto\/wp-content\/uploads\/2016\/12\/PB154580-mini.jpg\" alt=\"\" \/><br \/>\n<img decoding=\"async\"  style=\"padding: 15px 10px;\" src=\"https:\/\/www.source77.net\/expophoto\/wp-content\/uploads\/2016\/12\/PB154577-mini.jpg\" alt=\"\" \/>\n<\/div>\n<div style=\"float: clear;\"><\/div>\n<\/div>\n<h1 style=\"text-align: center;\"><b>EXPOSITION PHOTO CONTRE L\u2019EXCLUSION<\/b><\/h1>\n<p>Nous vous invitons \u00e0 accueillir une exposition photo pour une dur\u00e9e \u00e0 votre convenance.<\/p>\n<p>Cette exposition est destin\u00e9e \u00e0 sensibiliser le public \u00e0 la perspective d\u2019un partage \u00e9quitable des ressources mondiales. Un moyen juste et humain de r\u00e9soudre, selon nous, la crise que la plan\u00e8te conna\u00eet actuellement.<\/p>\n<p style=\"text-align: center; font-weight : bold;\">CONSULTER L\u2019EXPOSITION<\/p>\n<p>Les photographies, en noir et blanc, montrent pour la plupart des visages et des sc\u00e8nes de la vie quotidienne des pays \u00e9mergents. Elles abordent plusieurs th\u00e8mes :<\/p>\n<p style=\"text-align: center; font-weight : bold;\"><em>La faim, l\u2019avidit\u00e9, la pauvret\u00e9, le partage, le service et la cupidit\u00e9.<\/em><\/p>\n<p>Chaque photo est \u00e9clair\u00e9e par une citation de personnages illustres (Mahatma Gandhi, \u00c9picure, M\u00e8re Teresa, L\u00e9on Tolsto\u00ef, Jimmy Carter, Mikha\u00efl Gorbatchev, Nelson Mandela), qui ont \u0153uvr\u00e9 (ou \u0153uvrent actuellement) en faveur de l\u2019humanit\u00e9 et d\u2019une r\u00e9orientation des priorit\u00e9s dans les domaines politique, \u00e9conomique, social, culturel et spirituel. Leur engagement est le reflet et la mise en \u0153uvre de l\u2019article 25a de la D\u00e9claration des Droits de l\u2019Homme qui stipule que :<\/p>\n<p>\u00ab Toute personne a droit \u00e0 un niveau de vie suffisant lui assurant, ainsi qu\u2019\u00e0 sa famille, la sant\u00e9 et le bien-\u00eatre incluant l\u2019alimentation, le logement, l\u2019habillement, les soins m\u00e9dicaux, les services sociaux n\u00e9cessaires et le droit \u00e0 la s\u00e9curit\u00e9 en cas de ch\u00f4mage, de maladie, d\u2019invalidit\u00e9, de veuvage, de vieillesse ou dans tout autre cas de perte de ses moyens de subsistances par suite de circonstances ind\u00e9pendantes de sa volont\u00e9 \u00bb.<\/p>\n<p>Les panneaux avec photo sont des reproductions de la quatri\u00e8me page de couverture de la revue Share International.<\/p>\n<p>Nous disposons de dix panneaux de textes et quarante panneaux avec photo dont une bande de traduction pour les citations. Le tout est tir\u00e9 sur papier photo plastifi\u00e9 en format A2 (42 X 60 centim\u00e8tres), un autre jeu est aussi disponible au format A3.\n<\/p><\/div>\n","protected":false},"excerpt":{"rendered":"<p>EXPOSITION PHOTO CONTRE L\u2019EXCLUSION Nous vous invitons \u00e0 accueillir une exposition photo pour une dur\u00e9e \u00e0 votre convenance. Cette exposition est destin\u00e9e \u00e0 sensibiliser le public \u00e0 la perspective d\u2019un partage \u00e9quitable des ressources mondiales. Un moyen juste et humain de r\u00e9soudre, selon nous, la crise que la plan\u00e8te conna\u00eet actuellement. CONSULTER L\u2019EXPOSITION Les photographies, [&hellip;]<\/p>\n","protected":false},"author":1,"featured_media":0,"parent":0,"menu_order":0,"comment_status":"closed","ping_status":"closed","template":"","meta":{"footnotes":""},"_links":{"self":[{"href":"https:\/\/www.source77.net\/expophoto\/wp-json\/wp\/v2\/pages\/6"}],"collection":[{"href":"https:\/\/www.source77.net\/expophoto\/wp-json\/wp\/v2\/pages"}],"about":[{"href":"https:\/\/www.source77.net\/expophoto\/wp-json\/wp\/v2\/types\/page"}],"author":[{"embeddable":true,"href":"https:\/\/www.source77.net\/expophoto\/wp-json\/wp\/v2\/users\/1"}],"replies":[{"embeddable":true,"href":"https:\/\/www.source77.net\/expophoto\/wp-json\/wp\/v2\/comments?post=6"}],"version-history":[{"count":37,"href":"https:\/\/www.source77.net\/expophoto\/wp-json\/wp\/v2\/pages\/6\/revisions"}],"predecessor-version":[{"id":1317,"href":"https:\/\/www.source77.net\/expophoto\/wp-json\/wp\/v2\/pages\/6\/revisions\/1317"}],"wp:attachment":[{"href":"https:\/\/www.source77.net\/expophoto\/wp-json\/wp\/v2\/media?parent=6"}],"curies":[{"name":"wp","href":"https:\/\/api.w.org\/{rel}","templated":true}]}}