{"id":502,"date":"2023-03-07T12:06:18","date_gmt":"2023-03-07T11:06:18","guid":{"rendered":"http:\/\/www.source77.net\/expophoto\/panneau-55-copy\/"},"modified":"2023-09-20T17:21:43","modified_gmt":"2023-09-20T15:21:43","slug":"panneau-56","status":"publish","type":"page","link":"https:\/\/www.source77.net\/expophoto\/panneau-56\/","title":{"rendered":"Panneau-56"},"content":{"rendered":"<div>\n<div style=\"float: left; width: 350px;margin-right: 60px;\">\n<img decoding=\"async\" src=\"https:\/\/www.source77.net\/expophoto\/wp-content\/uploads\/2023\/03\/2021-05.jpg\" alt=\"Panneau_56\" \/>\n<\/div>\n<div style=\"float: left; width: 350px;text-align: justify;\">\n<p>&nbsp;<br \/>\n<strong>\u00ab L\u2019Assembl\u00e9e g\u00e9n\u00e9rale proclame la pr\u00e9sente D\u00e9claration universelle des droits humains comme l\u2019id\u00e9al commun \u00e0 atteindre par tous les peuples et toutes les nations afin que tous les individus et tous les organes de la soci\u00e9t\u00e9, ayant cette D\u00e9claration constamment \u00e0 l\u2019esprit, s\u2019efforcent, par l\u2019enseignement et l\u2019\u00e9ducation, de d\u00e9velopper le respect de ces droits et libert\u00e9s et d\u2019en assurer, par des mesures progressives d\u2019ordre national et international, la reconnaissance et l\u2019application universelles et effectives, tant parmi les populations des Etats membres eux-m\u00eames que parmi celles des territoires plac\u00e9s sous leur juridiction.<br \/>\nArticle 1 : Tous les \u00eatres humains naissent libres et \u00e9gaux en dignit\u00e9 et en droits. Ils sont dou\u00e9s de raison et de conscience et doivent agir les uns envers les autres dans un esprit de fraternit\u00e9.<br \/>\nArticle 2: Chacun peut se pr\u00e9valoir de tous les droits et de toutes les libert\u00e9s proclam\u00e9s dans la pr\u00e9sente D\u00e9claration, sans distinction aucune, notamment de race, de couleur, de sexe, de langue, de religion, d\u2019opinion politique ou de toute autre opinion, d\u2019origine nationale ou sociale, de fortune, de naissance ou de toute autre situation. De plus, il ne sera fait aucune distinction fond\u00e9e sur le statut politique, juridique ou international du pays ou du territoire dont une personne est ressortissante, que ce pays ou territoire soit ind\u00e9pendant, sous tutelle, non autonome ou soumis \u00e0 une limitation quelconque de souverainet\u00e9. \u00bb<\/strong><br \/>\n&nbsp;<br \/>\nSource : un.org<\/p>\n<\/div>\n<div style=\"clear: left;\"><\/div>\n<\/div>\n<p>&nbsp;<\/p>\n","protected":false},"excerpt":{"rendered":"<p>&nbsp; \u00ab L\u2019Assembl\u00e9e g\u00e9n\u00e9rale proclame la pr\u00e9sente D\u00e9claration universelle des droits humains comme l\u2019id\u00e9al commun \u00e0 atteindre par tous les peuples et toutes les nations afin que tous les individus et tous les organes de la soci\u00e9t\u00e9, ayant cette D\u00e9claration constamment \u00e0 l\u2019esprit, s\u2019efforcent, par l\u2019enseignement et l\u2019\u00e9ducation, de d\u00e9velopper le respect de ces droits [&hellip;]<\/p>\n","protected":false},"author":1,"featured_media":0,"parent":0,"menu_order":0,"comment_status":"closed","ping_status":"closed","template":"","meta":{"footnotes":""},"_links":{"self":[{"href":"https:\/\/www.source77.net\/expophoto\/wp-json\/wp\/v2\/pages\/502"}],"collection":[{"href":"https:\/\/www.source77.net\/expophoto\/wp-json\/wp\/v2\/pages"}],"about":[{"href":"https:\/\/www.source77.net\/expophoto\/wp-json\/wp\/v2\/types\/page"}],"author":[{"embeddable":true,"href":"https:\/\/www.source77.net\/expophoto\/wp-json\/wp\/v2\/users\/1"}],"replies":[{"embeddable":true,"href":"https:\/\/www.source77.net\/expophoto\/wp-json\/wp\/v2\/comments?post=502"}],"version-history":[{"count":7,"href":"https:\/\/www.source77.net\/expophoto\/wp-json\/wp\/v2\/pages\/502\/revisions"}],"predecessor-version":[{"id":1185,"href":"https:\/\/www.source77.net\/expophoto\/wp-json\/wp\/v2\/pages\/502\/revisions\/1185"}],"wp:attachment":[{"href":"https:\/\/www.source77.net\/expophoto\/wp-json\/wp\/v2\/media?parent=502"}],"curies":[{"name":"wp","href":"https:\/\/api.w.org\/{rel}","templated":true}]}}

<div>
<div style="float: left; width: 350px;margin-right: 60px;">
<img decoding="async" src="https://www.source77.net/expophoto/wp-content/uploads/2023/03/2021-05.jpg" alt="Panneau_56" />
</div>
<div style="float: left; width: 350px;text-align: justify;">
<p>&nbsp;<br />
<strong>« L’Assemblée générale proclame la présente Déclaration universelle des droits humains comme l’idéal commun à atteindre par tous les peuples et toutes les nations afin que tous les individus et tous les organes de la société, ayant cette Déclaration constamment à l’esprit, s’efforcent, par l’enseignement et l’éducation, de développer le respect de ces droits et libertés et d’en assurer, par des mesures progressives d’ordre national et international, la reconnaissance et l’application universelles et effectives, tant parmi les populations des Etats membres eux-mêmes que parmi celles des territoires placés sous leur juridiction.<br />
Article 1 : Tous les êtres humains naissent libres et égaux en dignité et en droits. Ils sont doués de raison et de conscience et doivent agir les uns envers les autres dans un esprit de fraternité.<br />
Article 2: Chacun peut se prévaloir de tous les droits et de toutes les libertés proclamés dans la présente Déclaration, sans distinction aucune, notamment de race, de couleur, de sexe, de langue, de religion, d’opinion politique ou de toute autre opinion, d’origine nationale ou sociale, de fortune, de naissance ou de toute autre situation. De plus, il ne sera fait aucune distinction fondée sur le statut politique, juridique ou international du pays ou du territoire dont une personne est ressortissante, que ce pays ou territoire soit indépendant, sous tutelle, non autonome ou soumis à une limitation quelconque de souveraineté. »</strong><br />
&nbsp;<br />
Source : un.org</p>
</div>
<div style="clear: left;"></div>
</div>
<p>&nbsp;</p>

<p>&nbsp; « L’Assemblée générale proclame la présente Déclaration universelle des droits humains comme l’idéal commun à atteindre par tous les peuples et toutes les nations afin que tous les individus et tous les organes de la société, ayant cette Déclaration constamment à l’esprit, s’efforcent, par l’enseignement et l’éducation, de développer le respect de ces droits [&hellip;]</p>
