{"id":295,"date":"2016-12-20T11:02:37","date_gmt":"2016-12-20T10:02:37","guid":{"rendered":"http:\/\/www.source77.net\/expophoto\/panneau-37-copy\/"},"modified":"2023-09-20T17:11:29","modified_gmt":"2023-09-20T15:11:29","slug":"panneau-38","status":"publish","type":"page","link":"https:\/\/www.source77.net\/expophoto\/panneau-38\/","title":{"rendered":"Panneau-38"},"content":{"rendered":"<div>\n<div style=\"float: left; width: 350px;margin-right: 60px;\">\n<img decoding=\"async\" src=\"https:\/\/www.source77.net\/expophoto\/wp-content\/uploads\/2016\/12\/panneau_38.jpg\" alt=\"Panneau_38\" \/>\n<\/div>\n<div style=\"float: left; width: 350px;text-align: justify;\">\n<p>&nbsp;<br \/>\n<strong>A la question : Qui puis-je aimer et servir ? O\u00f9 est le visage de Dieu o\u00f9 tourner ma pri\u00e8re ? La r\u00e9ponse est simple : c\u2019est cet \u00eatre affam\u00e9, cet \u00eatre nu, cet \u00eatre seul, cet \u00eatre rejet\u00e9, c\u2019est mon fr\u00e8re et ma s\u0153ur. Si nous ne vivons pas en paix, c\u2019est parce que nous avons oubli\u00e9 que nous nous appartenons les uns les autres.<\/strong><br \/>\n&nbsp;<br \/>\nM\u00e8re Teresa<\/p>\n<\/div>\n<div style=\"clear: left;\"><\/div>\n<\/div>\n<p>&nbsp;<\/p>\n","protected":false},"excerpt":{"rendered":"<p>&nbsp; A la question : Qui puis-je aimer et servir ? O\u00f9 est le visage de Dieu o\u00f9 tourner ma pri\u00e8re ? La r\u00e9ponse est simple : c\u2019est cet \u00eatre affam\u00e9, cet \u00eatre nu, cet \u00eatre seul, cet \u00eatre rejet\u00e9, c\u2019est mon fr\u00e8re et ma s\u0153ur. Si nous ne vivons pas en paix, c\u2019est parce [&hellip;]<\/p>\n","protected":false},"author":1,"featured_media":0,"parent":0,"menu_order":0,"comment_status":"closed","ping_status":"closed","template":"","meta":{"footnotes":""},"_links":{"self":[{"href":"https:\/\/www.source77.net\/expophoto\/wp-json\/wp\/v2\/pages\/295"}],"collection":[{"href":"https:\/\/www.source77.net\/expophoto\/wp-json\/wp\/v2\/pages"}],"about":[{"href":"https:\/\/www.source77.net\/expophoto\/wp-json\/wp\/v2\/types\/page"}],"author":[{"embeddable":true,"href":"https:\/\/www.source77.net\/expophoto\/wp-json\/wp\/v2\/users\/1"}],"replies":[{"embeddable":true,"href":"https:\/\/www.source77.net\/expophoto\/wp-json\/wp\/v2\/comments?post=295"}],"version-history":[{"count":5,"href":"https:\/\/www.source77.net\/expophoto\/wp-json\/wp\/v2\/pages\/295\/revisions"}],"predecessor-version":[{"id":1167,"href":"https:\/\/www.source77.net\/expophoto\/wp-json\/wp\/v2\/pages\/295\/revisions\/1167"}],"wp:attachment":[{"href":"https:\/\/www.source77.net\/expophoto\/wp-json\/wp\/v2\/media?parent=295"}],"curies":[{"name":"wp","href":"https:\/\/api.w.org\/{rel}","templated":true}]}}