{"id":264,"date":"2016-12-19T16:25:00","date_gmt":"2016-12-19T15:25:00","guid":{"rendered":"http:\/\/www.source77.net\/expophoto\/panneau-32-copy\/"},"modified":"2023-09-20T17:07:33","modified_gmt":"2023-09-20T15:07:33","slug":"panneau-33","status":"publish","type":"page","link":"https:\/\/www.source77.net\/expophoto\/panneau-33\/","title":{"rendered":"Panneau-33"},"content":{"rendered":"<div>\n<div style=\"float: left; width: 350px;margin-right: 60px;\">\n<img decoding=\"async\" src=\"https:\/\/www.source77.net\/expophoto\/wp-content\/uploads\/2016\/12\/panneau_33.jpg\" alt=\"Panneau_33\" \/>\n<\/div>\n<div style=\"float: left; width: 350px;text-align: justify;\">\n<p>&nbsp;<br \/>\n<strong>La moiti\u00e9 des probl\u00e8mes du monde vient du fait que nous ne savons pas \u00e0 quel point nous avons besoin de peu de choses\u2026 Je vis d\u00e9sormais plus simplement, et plus en paix.<\/strong><br \/>\n&nbsp;<br \/>\nRichard Evelyn Byrd, explorateur am\u00e9ricain<\/p>\n<\/div>\n<div style=\"clear: left;\"><\/div>\n<\/div>\n<p>&nbsp;<\/p>\n","protected":false},"excerpt":{"rendered":"<p>&nbsp; La moiti\u00e9 des probl\u00e8mes du monde vient du fait que nous ne savons pas \u00e0 quel point nous avons besoin de peu de choses\u2026 Je vis d\u00e9sormais plus simplement, et plus en paix. &nbsp; Richard Evelyn Byrd, explorateur am\u00e9ricain &nbsp;<\/p>\n","protected":false},"author":1,"featured_media":0,"parent":0,"menu_order":0,"comment_status":"closed","ping_status":"closed","template":"","meta":{"footnotes":""},"_links":{"self":[{"href":"https:\/\/www.source77.net\/expophoto\/wp-json\/wp\/v2\/pages\/264"}],"collection":[{"href":"https:\/\/www.source77.net\/expophoto\/wp-json\/wp\/v2\/pages"}],"about":[{"href":"https:\/\/www.source77.net\/expophoto\/wp-json\/wp\/v2\/types\/page"}],"author":[{"embeddable":true,"href":"https:\/\/www.source77.net\/expophoto\/wp-json\/wp\/v2\/users\/1"}],"replies":[{"embeddable":true,"href":"https:\/\/www.source77.net\/expophoto\/wp-json\/wp\/v2\/comments?post=264"}],"version-history":[{"count":3,"href":"https:\/\/www.source77.net\/expophoto\/wp-json\/wp\/v2\/pages\/264\/revisions"}],"predecessor-version":[{"id":1161,"href":"https:\/\/www.source77.net\/expophoto\/wp-json\/wp\/v2\/pages\/264\/revisions\/1161"}],"wp:attachment":[{"href":"https:\/\/www.source77.net\/expophoto\/wp-json\/wp\/v2\/media?parent=264"}],"curies":[{"name":"wp","href":"https:\/\/api.w.org\/{rel}","templated":true}]}}