{"id":252,"date":"2016-12-19T16:12:33","date_gmt":"2016-12-19T15:12:33","guid":{"rendered":"http:\/\/www.source77.net\/expophoto\/panneau-29-copy\/"},"modified":"2023-09-20T17:05:14","modified_gmt":"2023-09-20T15:05:14","slug":"panneau-30","status":"publish","type":"page","link":"https:\/\/www.source77.net\/expophoto\/panneau-30\/","title":{"rendered":"Panneau-30"},"content":{"rendered":"<div>\n<div style=\"float: left; width: 350px;margin-right: 60px;\">\n<img decoding=\"async\" src=\"https:\/\/www.source77.net\/expophoto\/wp-content\/uploads\/2016\/12\/panneau_30.jpg\" alt=\"Panneau_30\" \/>\n<\/div>\n<div style=\"float: left; width: 350px;text-align: justify;\">\n<p>&nbsp;<br \/>\n<strong>Lorsque le dernier arbre aura \u00e9t\u00e9 abattu,<br \/>\nLorsque la derni\u00e8re rivi\u00e8re aura \u00e9t\u00e9 empoisonn\u00e9e<br \/>\nEt que le dernier poisson aura \u00e9t\u00e9 p\u00each\u00e9,<br \/>\nAlors seulement,<br \/>\nR\u00e9aliserez-vous<br \/>\nQue l\u2019argent ne se mange pas.<\/strong><br \/>\n&nbsp;<br \/>\nCitation d\u2019un Am\u00e9rindien Cree<\/p>\n<\/div>\n<div style=\"clear: left;\"><\/div>\n<\/div>\n<p>&nbsp;<\/p>\n","protected":false},"excerpt":{"rendered":"<p>&nbsp; Lorsque le dernier arbre aura \u00e9t\u00e9 abattu, Lorsque la derni\u00e8re rivi\u00e8re aura \u00e9t\u00e9 empoisonn\u00e9e Et que le dernier poisson aura \u00e9t\u00e9 p\u00each\u00e9, Alors seulement, R\u00e9aliserez-vous Que l\u2019argent ne se mange pas. &nbsp; Citation d\u2019un Am\u00e9rindien Cree &nbsp;<\/p>\n","protected":false},"author":1,"featured_media":0,"parent":0,"menu_order":0,"comment_status":"closed","ping_status":"closed","template":"","meta":{"footnotes":""},"_links":{"self":[{"href":"https:\/\/www.source77.net\/expophoto\/wp-json\/wp\/v2\/pages\/252"}],"collection":[{"href":"https:\/\/www.source77.net\/expophoto\/wp-json\/wp\/v2\/pages"}],"about":[{"href":"https:\/\/www.source77.net\/expophoto\/wp-json\/wp\/v2\/types\/page"}],"author":[{"embeddable":true,"href":"https:\/\/www.source77.net\/expophoto\/wp-json\/wp\/v2\/users\/1"}],"replies":[{"embeddable":true,"href":"https:\/\/www.source77.net\/expophoto\/wp-json\/wp\/v2\/comments?post=252"}],"version-history":[{"count":3,"href":"https:\/\/www.source77.net\/expophoto\/wp-json\/wp\/v2\/pages\/252\/revisions"}],"predecessor-version":[{"id":1158,"href":"https:\/\/www.source77.net\/expophoto\/wp-json\/wp\/v2\/pages\/252\/revisions\/1158"}],"wp:attachment":[{"href":"https:\/\/www.source77.net\/expophoto\/wp-json\/wp\/v2\/media?parent=252"}],"curies":[{"name":"wp","href":"https:\/\/api.w.org\/{rel}","templated":true}]}}