{"id":242,"date":"2016-12-19T15:34:17","date_gmt":"2016-12-19T14:34:17","guid":{"rendered":"http:\/\/www.source77.net\/expophoto\/panneau-26-copy\/"},"modified":"2023-09-20T17:03:40","modified_gmt":"2023-09-20T15:03:40","slug":"panneau-27","status":"publish","type":"page","link":"https:\/\/www.source77.net\/expophoto\/panneau-27\/","title":{"rendered":"Panneau-27"},"content":{"rendered":"<div>\n<div style=\"float: left; width: 350px;margin-right: 60px;\">\n<img decoding=\"async\" src=\"https:\/\/www.source77.net\/expophoto\/wp-content\/uploads\/2016\/12\/panneau_27.jpg\" alt=\"Panneau_27\" \/>\n<\/div>\n<div style=\"float: left; width: 350px;text-align: justify;\">\n<p>&nbsp;<br \/>\n<strong>Les plaisirs des riches sont souvent acquis gr\u00e2ce aux larmes des pauvres.<\/strong><br \/>\n&nbsp;<br \/>\nL\u00e9on Tolsto\u00ef<\/p>\n<\/div>\n<div style=\"clear: left;\"><\/div>\n<\/div>\n<p>&nbsp;<\/p>\n","protected":false},"excerpt":{"rendered":"<p>&nbsp; Les plaisirs des riches sont souvent acquis gr\u00e2ce aux larmes des pauvres. &nbsp; L\u00e9on Tolsto\u00ef &nbsp;<\/p>\n","protected":false},"author":1,"featured_media":0,"parent":0,"menu_order":0,"comment_status":"closed","ping_status":"closed","template":"","meta":{"footnotes":""},"_links":{"self":[{"href":"https:\/\/www.source77.net\/expophoto\/wp-json\/wp\/v2\/pages\/242"}],"collection":[{"href":"https:\/\/www.source77.net\/expophoto\/wp-json\/wp\/v2\/pages"}],"about":[{"href":"https:\/\/www.source77.net\/expophoto\/wp-json\/wp\/v2\/types\/page"}],"author":[{"embeddable":true,"href":"https:\/\/www.source77.net\/expophoto\/wp-json\/wp\/v2\/users\/1"}],"replies":[{"embeddable":true,"href":"https:\/\/www.source77.net\/expophoto\/wp-json\/wp\/v2\/comments?post=242"}],"version-history":[{"count":3,"href":"https:\/\/www.source77.net\/expophoto\/wp-json\/wp\/v2\/pages\/242\/revisions"}],"predecessor-version":[{"id":1155,"href":"https:\/\/www.source77.net\/expophoto\/wp-json\/wp\/v2\/pages\/242\/revisions\/1155"}],"wp:attachment":[{"href":"https:\/\/www.source77.net\/expophoto\/wp-json\/wp\/v2\/media?parent=242"}],"curies":[{"name":"wp","href":"https:\/\/api.w.org\/{rel}","templated":true}]}}