{"id":209,"date":"2016-12-19T14:52:15","date_gmt":"2016-12-19T13:52:15","guid":{"rendered":"http:\/\/www.source77.net\/expophoto\/panneau-14-copy\/"},"modified":"2023-09-20T15:39:01","modified_gmt":"2023-09-20T13:39:01","slug":"panneau-15","status":"publish","type":"page","link":"https:\/\/www.source77.net\/expophoto\/panneau-15\/","title":{"rendered":"Panneau-15"},"content":{"rendered":"<div>\n<div style=\"float: left; width: 350px;margin-right: 60px;\">\n<img decoding=\"async\" src=\"https:\/\/www.source77.net\/expophoto\/wp-content\/uploads\/2016\/12\/panneau_15.jpg\" alt=\"Panneau_15\" \/>\n<\/div>\n<div style=\"float: left; width: 350px;text-align: justify;\">\n<p>&nbsp;<br \/>\n<strong>C&rsquo;est \u00e0 la faim que nous devons mettre un terme, et non \u00e0 l&rsquo;existence de l&rsquo;\u00eatre humain.<\/strong><br \/>\n&nbsp;<br \/>\nFidel Castro, pr\u00e9sident de Cuba, au sommet de la Terre de Rio de Janeiro, 1992<\/p>\n<\/div>\n<div style=\"clear: left;\"><\/div>\n<\/div>\n<p>&nbsp;<\/p>\n","protected":false},"excerpt":{"rendered":"<p>&nbsp; C&rsquo;est \u00e0 la faim que nous devons mettre un terme, et non \u00e0 l&rsquo;existence de l&rsquo;\u00eatre humain. &nbsp; Fidel Castro, pr\u00e9sident de Cuba, au sommet de la Terre de Rio de Janeiro, 1992 &nbsp;<\/p>\n","protected":false},"author":1,"featured_media":0,"parent":0,"menu_order":0,"comment_status":"closed","ping_status":"closed","template":"","meta":{"footnotes":""},"_links":{"self":[{"href":"https:\/\/www.source77.net\/expophoto\/wp-json\/wp\/v2\/pages\/209"}],"collection":[{"href":"https:\/\/www.source77.net\/expophoto\/wp-json\/wp\/v2\/pages"}],"about":[{"href":"https:\/\/www.source77.net\/expophoto\/wp-json\/wp\/v2\/types\/page"}],"author":[{"embeddable":true,"href":"https:\/\/www.source77.net\/expophoto\/wp-json\/wp\/v2\/users\/1"}],"replies":[{"embeddable":true,"href":"https:\/\/www.source77.net\/expophoto\/wp-json\/wp\/v2\/comments?post=209"}],"version-history":[{"count":3,"href":"https:\/\/www.source77.net\/expophoto\/wp-json\/wp\/v2\/pages\/209\/revisions"}],"predecessor-version":[{"id":1143,"href":"https:\/\/www.source77.net\/expophoto\/wp-json\/wp\/v2\/pages\/209\/revisions\/1143"}],"wp:attachment":[{"href":"https:\/\/www.source77.net\/expophoto\/wp-json\/wp\/v2\/media?parent=209"}],"curies":[{"name":"wp","href":"https:\/\/api.w.org\/{rel}","templated":true}]}}

<div>
<div style="float: left; width: 350px;margin-right: 60px;">
<img decoding="async" src="https://www.source77.net/expophoto/wp-content/uploads/2016/12/panneau_15.jpg" alt="Panneau_15" />
</div>
<div style="float: left; width: 350px;text-align: justify;">
<p>&nbsp;<br />
<strong>C&rsquo;est à la faim que nous devons mettre un terme, et non à l&rsquo;existence de l&rsquo;être humain.</strong><br />
&nbsp;<br />
Fidel Castro, président de Cuba, au sommet de la Terre de Rio de Janeiro, 1992</p>
</div>
<div style="clear: left;"></div>
</div>
<p>&nbsp;</p>

<p>&nbsp; C&rsquo;est à la faim que nous devons mettre un terme, et non à l&rsquo;existence de l&rsquo;être humain. &nbsp; Fidel Castro, président de Cuba, au sommet de la Terre de Rio de Janeiro, 1992 &nbsp;</p>
