{"id":169,"date":"2016-12-19T14:05:23","date_gmt":"2016-12-19T13:05:23","guid":{"rendered":"http:\/\/www.source77.net\/expophoto\/panneau-02-copy\/"},"modified":"2023-09-20T15:20:10","modified_gmt":"2023-09-20T13:20:10","slug":"panneau-03","status":"publish","type":"page","link":"https:\/\/www.source77.net\/expophoto\/panneau-03\/","title":{"rendered":"Panneau-03"},"content":{"rendered":"<div>\n<div style=\"float: left; width: 350px;margin-right: 60px;\">\n<img decoding=\"async\" src=\"https:\/\/www.source77.net\/expophoto\/wp-content\/uploads\/2016\/12\/panneau_03.jpg\" alt=\"Panneau_03\" \/>\n<\/div>\n<div style=\"float: left; width: 350px;text-align: justify;\">\n<p>&nbsp;<br \/>\n<strong>Mettre un terme \u00e0 la faim est non seulement faisable, c&rsquo;est une n\u00e9cessit\u00e9 absolue. Sp\u00e9cialement pour ceux d&rsquo;entre nous qui travaillent \u00e0 la paix dans le monde. Car cette paix ne sera possible que si l&rsquo;on en r\u00e9alise d&rsquo;abord les conditions. Et ces conditions, c&rsquo;est la stabilit\u00e9 et la tranquillit\u00e9. On n&rsquo;aura ni l&rsquo;une ni l&rsquo;autre tant que des gens souffriront de la faim et en mourront. Nous devrions savoir, depuis les quatre Cavaliers de l&rsquo;Apocalypse, un texte \u00e9crit il y a bien longtemps, que tant qu&rsquo;il y aura des victimes de la faim parmi nous, nous conna\u00eetrons l&rsquo;instabilit\u00e9, nous conna\u00eetrons des r\u00e9volutions, nous conna\u00eetrons des d\u00e9sordres et des bains de sang. Les int\u00e9r\u00eats les plus vitaux de ce pays [les Etats-Unis], et du monde, commandent l&rsquo;\u00e9radication de ce fl\u00e9au. Il nous suffit, \u00e0 nous politiciens, de le vouloir vraiment. Cela n&rsquo;a rien d\u00a0\u00bbimpossible. Cela peut \u00eatre fait, cela doit \u00eatre fait.<\/strong><br \/>\n&nbsp;<br \/>\nDaniel Inouye, s\u00e9nateur am\u00e9ricain<\/p>\n<\/div>\n<div style=\"clear: left;\"><\/div>\n<\/div>\n<p>&nbsp;<\/p>\n","protected":false},"excerpt":{"rendered":"<p>&nbsp; Mettre un terme \u00e0 la faim est non seulement faisable, c&rsquo;est une n\u00e9cessit\u00e9 absolue. Sp\u00e9cialement pour ceux d&rsquo;entre nous qui travaillent \u00e0 la paix dans le monde. Car cette paix ne sera possible que si l&rsquo;on en r\u00e9alise d&rsquo;abord les conditions. Et ces conditions, c&rsquo;est la stabilit\u00e9 et la tranquillit\u00e9. On n&rsquo;aura ni l&rsquo;une [&hellip;]<\/p>\n","protected":false},"author":1,"featured_media":0,"parent":0,"menu_order":0,"comment_status":"closed","ping_status":"closed","template":"","meta":{"footnotes":""},"_links":{"self":[{"href":"https:\/\/www.source77.net\/expophoto\/wp-json\/wp\/v2\/pages\/169"}],"collection":[{"href":"https:\/\/www.source77.net\/expophoto\/wp-json\/wp\/v2\/pages"}],"about":[{"href":"https:\/\/www.source77.net\/expophoto\/wp-json\/wp\/v2\/types\/page"}],"author":[{"embeddable":true,"href":"https:\/\/www.source77.net\/expophoto\/wp-json\/wp\/v2\/users\/1"}],"replies":[{"embeddable":true,"href":"https:\/\/www.source77.net\/expophoto\/wp-json\/wp\/v2\/comments?post=169"}],"version-history":[{"count":3,"href":"https:\/\/www.source77.net\/expophoto\/wp-json\/wp\/v2\/pages\/169\/revisions"}],"predecessor-version":[{"id":1131,"href":"https:\/\/www.source77.net\/expophoto\/wp-json\/wp\/v2\/pages\/169\/revisions\/1131"}],"wp:attachment":[{"href":"https:\/\/www.source77.net\/expophoto\/wp-json\/wp\/v2\/media?parent=169"}],"curies":[{"name":"wp","href":"https:\/\/api.w.org\/{rel}","templated":true}]}}

<div>
<div style="float: left; width: 350px;margin-right: 60px;">
<img decoding="async" src="https://www.source77.net/expophoto/wp-content/uploads/2016/12/panneau_03.jpg" alt="Panneau_03" />
</div>
<div style="float: left; width: 350px;text-align: justify;">
<p>&nbsp;<br />
<strong>Mettre un terme à la faim est non seulement faisable, c&rsquo;est une nécessité absolue. Spécialement pour ceux d&rsquo;entre nous qui travaillent à la paix dans le monde. Car cette paix ne sera possible que si l&rsquo;on en réalise d&rsquo;abord les conditions. Et ces conditions, c&rsquo;est la stabilité et la tranquillité. On n&rsquo;aura ni l&rsquo;une ni l&rsquo;autre tant que des gens souffriront de la faim et en mourront. Nous devrions savoir, depuis les quatre Cavaliers de l&rsquo;Apocalypse, un texte écrit il y a bien longtemps, que tant qu&rsquo;il y aura des victimes de la faim parmi nous, nous connaîtrons l&rsquo;instabilité, nous connaîtrons des révolutions, nous connaîtrons des désordres et des bains de sang. Les intérêts les plus vitaux de ce pays [les Etats-Unis], et du monde, commandent l&rsquo;éradication de ce fléau. Il nous suffit, à nous politiciens, de le vouloir vraiment. Cela n&rsquo;a rien d »impossible. Cela peut être fait, cela doit être fait.</strong><br />
&nbsp;<br />
Daniel Inouye, sénateur américain</p>
</div>
<div style="clear: left;"></div>
</div>
<p>&nbsp;</p>

<p>&nbsp; Mettre un terme à la faim est non seulement faisable, c&rsquo;est une nécessité absolue. Spécialement pour ceux d&rsquo;entre nous qui travaillent à la paix dans le monde. Car cette paix ne sera possible que si l&rsquo;on en réalise d&rsquo;abord les conditions. Et ces conditions, c&rsquo;est la stabilité et la tranquillité. On n&rsquo;aura ni l&rsquo;une [&hellip;]</p>
